actors of 24187411.
24187411
List the prime factors of 2877174.
2, 3, 53281
What are the prime factors of 242290518?
2, 3, 40381753
List the prime factors of 36660608.
2, 286411
List the prime factors of 548887501.
548887501
What are the prime factors of 135619444?
2, 3701, 9161
List the prime factors of 27566219.
27566219
List the prime factors of 117272840.
2, 5, 1213, 2417
List the prime factors of 94976141.
13, 251, 2239
List the prime factors of 765973716.
2, 3, 63831143
List the prime factors of 424344819.
3, 3217, 43969
What are the prime factors of 99003106?
2, 2087, 23719
What are the prime factors of 3749371530?
2, 3, 5, 59, 89, 23801
What are the prime factors of 4427516445?
3, 5, 11, 23, 67, 1583
List the prime factors of 182685633.
3, 13, 887, 5281
What are the prime factors of 633013735?
5, 7933, 15959
List the prime factors of 1413354835.
5, 282670967
List the prime factors of 28109131.
28109131
List the prime factors of 12835126.
2, 6417563
What are the prime factors of 840524058?
2, 3, 11, 113, 37567
List the prime factors of 178666075.
5, 7, 43, 23743
List the prime factors of 266156939.
269, 463, 2137
What are the prime factors of 1138068512?
2, 7, 103687
List the prime factors of 109748555.
5, 7, 59, 53147
List the prime factors of 201314895.
3, 5, 967, 13879
What are the prime factors of 25233168?
2, 3, 17, 107
What are the prime factors of 430557211?
7, 619, 99367
List the prime factors of 116973726.
2, 3, 31, 83, 7577
List the prime factors of 85952348.
2, 21488087
List the prime factors of 52936547.
23, 2301589
List the prime factors of 81237686.
2, 173, 234791
What are the prime factors of 6058161?
3, 673129
What are the prime factors of 132849217?
53, 487, 5147
List the prime factors of 739271974.
2, 7, 52805141
What are the prime factors of 2972594355?
3, 5, 61, 257, 12641
List the prime factors of 6661378.
2, 97, 34337
List the prime factors of 53786615.
5, 457, 23539
List the prime factors of 84468469.
43, 61, 32203
List the prime factors of 219292861.
79, 2775859
What are the prime factors of 14763933?
3, 1129, 1453
What are the prime factors of 955618701?
3, 29, 10984123
What are the prime factors of 312188108?
2, 23, 67, 50647
List the prime factors of 244089137.
244089137
List the prime factors of 3244384887.
3, 31, 2239, 15581
What are the prime factors of 6023657720?
2, 5, 37, 131, 31069
What are the prime factors of 2920052798?
2, 13, 61, 89, 137, 151
List the prime factors of 55774139.
19, 43, 3593
List the prime factors of 118162380.
2, 3, 5, 7, 281339
List the prime factors of 60328568.
2, 97, 77743
List the prime factors of 917680409.
41, 307, 72907
What are the prime factors of 1205281833?
3, 7, 57394373
What are the prime factors of 74643257?
13, 23, 31, 8053
What are the prime factors of 4411925?
5, 7, 17, 1483
What are the prime factors of 675962853?
3, 10657, 21143
What are the prime factors of 2431591233?
3, 431, 1880581
What are the prime factors of 375381585?
3, 5, 8341813
What are the prime factors of 226323356?
2, 7, 53, 21787
What are the prime factors of 2829404523?
3, 11, 53, 1617727
What are the prime factors of 173028103?
23, 47, 67, 2389
List the prime factors of 670359721.
127, 5278423
List the prime factors of 697468219.
7, 109, 241, 3793
What are the prime factors of 1984866254?
2, 7, 1831, 77431
List the prime factors of 633664630.
2, 5, 17, 19, 196181
List the prime factors of 7002013768.
2, 89, 9834289
What are the prime factors of 28849387?
7, 241, 349
What are the prime factors of 152294796?
2, 3, 61, 23117
What are the prime factors of 2522709490?
2, 5, 7, 47, 293, 2617
What are the prime factors of 39391563?
3, 13130521
What are the prime factors of 6209610?
2, 3, 5, 11, 31, 607
List the prime factors of 201558793.
2381, 84653
List the prime factors of 166299787.
166299787
What are the prime factors of 53342150?
2, 5, 89, 11987
List the prime factors of 1365274066.
2, 13, 23, 2283067
What are the prime factors of 453129384?
2, 3, 71, 265921
What are the prime factors of 542579946?
2, 3, 73, 1238767
List the prime factors of 174630520.
2, 5, 19, 229777
What are the prime factors of 93662382?
2, 3, 11, 59, 67, 359
What are the prime factors of 1990718910?
2, 3, 5, 7373033
What are the prime factors of 21516231?
3, 11, 29, 22483
List the prime factors of 396580164.
2, 3, 911, 36277
What are the prime factors of 94605396?
2, 3, 173, 199, 229
List the prime factors of 870009408.
2, 3, 17, 23, 3863
What are the prime factors of 23698374?
2, 3, 7, 17, 33191
List the prime factors of 270128236.
2, 7, 43, 224359
List the prime factors of 36511901.
19, 101141
What are the prime factors of 408103828?
2, 11, 467, 19861
List the prime factors of 292364968.
2, 7, 31, 491
What are the prime factors of 94929757?
13, 19, 384331
List the prime factors of 29405010.
2, 3, 5, 37, 59, 449
What are the prime factors of 141272324?
2, 35318081
What are the prime factors of 82722153?
3, 17, 43, 67, 563
List the prime factors of 34923532.
2, 7, 1247269
What are the prime factors of 81263932?
2, 107, 181, 1049
List the prime factors of 2076589354.
2, 7, 148327811
List the prime factors of 163294508.
2, 13, 1181, 2659
List the prime factors of 129549977.
129549977
List the prime factors of 3997617388.
2, 17, 1777, 33083
What are the prime factors of 25065097?
25065097
What are the prime factors of 4258616118?
2, 3, 293, 2422421
What are the prime factors of 187569136?
2, 11723071
List the prime factors of 18658857.
3, 7, 18133
What are the prime factors of 881503089?
3, 293834363
List the prime factors of 1644500384.
2, 811, 63367
What are the prime factors of 3700597092?
2, 3, 19, 16230689
List the prime factors of 203289602.
2, 193, 526657
List the prime factors of 20065138.
2, 10032569
List the prime factors of 3319530523.
47, 70628309
What are the prime factors of 52828601?
7, 509, 14827
List the prime factors of 511415266.
2, 223, 1146671
List the prime factors of 685591800.
2, 3, 5, 59, 107, 181
List the prime factors of 26521387.
181, 146527
What are the prime factors of 6555480?
2, 3, 5, 54629
What are the prime factors of 7963551485?
5, 17, 93688841
What are the prime factors of 487357253?
269, 1811737
What are the prime factors of 628145798?
2, 7, 6409651
What are the prime factors of 954364025?
5, 331, 115331
List the prime factors of 99725767.
37, 2695291
List the prime factors of 38684361.
3, 19, 41, 16553
List the prime factors of 196616624.
2, 12288539
List the prime factors of 282123911.
23, 41, 7297
What are the prime factors of 2624571229?
7, 1997, 187751
List the prime factors of 2419481465.
5, 89, 5437037
What are the prime factors of 3011731791?
3, 1003910597
What are the prime factors of 877239563?
877239563
List the prime factors of 1994880.
2, 3, 5, 1039
What are the prime factors of 18828463?
18828463
What are the prime factors of 89475093?
3, 59, 167, 1009
List the prime factors of 67321224.
2, 3, 17, 55001
List the prime factors of 38368357.
137, 280061
List the prime factors of 290554180.
2, 5, 7, 2075387
List the prime factors of 1130236683.
3, 47, 8015863
List the prime factors of 1691172866.
2, 53, 1123, 14207
List the prime factors of 46612254.
2, 3, 13, 597593
What are the prime factors of 335997333?
3, 7, 17, 37, 61, 139
List the prime factors of 2561023516.
2, 263, 2434433
List the prime factors of 66046230.
2, 3, 5, 733847
List the prime factors of 138322018.
2, 457, 151337
List the prime factors of 2900315827.
971, 2986937
List the prime factors of 92119435.
5, 211, 87317
What are the prime factors of 1300346793?
3, 144482977
List the prime factors of 734258904.
2, 3, 30594121
What are the prime factors of 6100119?
3, 677791
List the prime factors of 202097143.
29, 971, 7177
List the prime factors of 125565196.
2, 17, 1846547
What are the prime factors of 11790671?
79, 149249
List the prime factors of 49745876.
2, 17, 19, 139, 277
What are the prime factors of 16679324?
2, 23, 181297
List the prime factors of 1847781890.
2, 5, 103, 1793963
List the prime factors of 4053449760.
2, 3, 5, 8444687
List the prime factors of 31475275.
5, 13, 96847
List the prime factors of 310180538.
2, 17, 9122957
List the prime factors of 19123325.
5, 13, 29, 2029
List the prime factors